{"id":12,"date":"2014-07-15T20:48:04","date_gmt":"2014-07-15T19:48:04","guid":{"rendered":"http:\/\/www.florajullien.net\/wp\/?page_id=12"},"modified":"2025-08-30T13:50:38","modified_gmt":"2025-08-30T12:50:38","slug":"les-profs","status":"publish","type":"page","link":"https:\/\/www.ecolenantaisedekarate.fr\/?page_id=12","title":{"rendered":"<Les Professeurs - Le Bureau>"},"content":{"rendered":"<p style=\"text-align: center;\"><strong>Les Professeurs et le Bureau<\/strong><\/p>\n<p>&nbsp;<\/p>\n<p style=\"text-align: center;\"><strong>Les Professeurs : <\/strong><\/p>\n<p><span style=\"color: #ff0000;\"><strong>Pierre-Monique ADJANONHOUN<\/strong><\/span><\/p>\n<ul>\n<li>6\u00e8me Dan FFKDA<\/li>\n<li>coach WKF<img loading=\"lazy\" decoding=\"async\" class=\"alignright wp-image-2521 size-medium\" src=\"https:\/\/www.ecolenantaisedekarate.fr\/wp\/wp-content\/uploads\/2019\/09\/PM3-275x300.png\" alt=\"\" width=\"275\" height=\"300\" srcset=\"https:\/\/www.ecolenantaisedekarate.fr\/wp\/wp-content\/uploads\/2019\/09\/PM3-275x300.png 275w, https:\/\/www.ecolenantaisedekarate.fr\/wp\/wp-content\/uploads\/2019\/09\/PM3-137x150.png 137w, https:\/\/www.ecolenantaisedekarate.fr\/wp\/wp-content\/uploads\/2019\/09\/PM3.png 625w\" sizes=\"auto, (max-width: 275px) 100vw, 275px\" \/><\/li>\n<\/ul>\n<p>&nbsp;<\/p>\n<p>&nbsp;<\/p>\n<p>&nbsp;<\/p>\n<p>&nbsp;<\/p>\n<p>&nbsp;<\/p>\n<p>&nbsp;<\/p>\n<p>&nbsp;<\/p>\n<p><span style=\"color: #ff0000;\"><strong>\u00c9komy NDONG MBA MEYONG<\/strong><\/span><\/p>\n<ul>\n<li>3\u00e8me DAN<\/li>\n<li>Dipl\u00f4me d\u2019Instructeur F\u00e9d\u00e9ral<\/li>\n<li>CQP<br \/>\n<img loading=\"lazy\" decoding=\"async\" class=\"wp-image-2792 alignleft\" src=\"https:\/\/www.ecolenantaisedekarate.fr\/wp\/wp-content\/uploads\/2021\/06\/eko2.png\" alt=\"\" width=\"275\" height=\"299\" srcset=\"https:\/\/www.ecolenantaisedekarate.fr\/wp\/wp-content\/uploads\/2021\/06\/eko2.png 390w, https:\/\/www.ecolenantaisedekarate.fr\/wp\/wp-content\/uploads\/2021\/06\/eko2-276x300.png 276w, https:\/\/www.ecolenantaisedekarate.fr\/wp\/wp-content\/uploads\/2021\/06\/eko2-138x150.png 138w\" sizes=\"auto, (max-width: 275px) 100vw, 275px\" \/><\/li>\n<\/ul>\n<p>&nbsp;<\/p>\n<p>&nbsp;<\/p>\n<p>&nbsp;<\/p>\n<p>&nbsp;<\/p>\n<p>&nbsp;<\/p>\n<p><img loading=\"lazy\" decoding=\"async\" class=\" wp-image-2944 alignright\" src=\"https:\/\/www.ecolenantaisedekarate.fr\/wp\/wp-content\/uploads\/2025\/08\/nadege.jpg\" alt=\"\" width=\"203\" height=\"424\" srcset=\"https:\/\/www.ecolenantaisedekarate.fr\/wp\/wp-content\/uploads\/2025\/08\/nadege.jpg 310w, https:\/\/www.ecolenantaisedekarate.fr\/wp\/wp-content\/uploads\/2025\/08\/nadege-144x300.jpg 144w, https:\/\/www.ecolenantaisedekarate.fr\/wp\/wp-content\/uploads\/2025\/08\/nadege-72x150.jpg 72w\" sizes=\"auto, (max-width: 203px) 100vw, 203px\" \/><\/p>\n<p>&nbsp;<\/p>\n<p>&nbsp;<\/p>\n<p>&nbsp;<\/p>\n<p>&nbsp;<\/p>\n<p><span style=\"color: #ff0000;\"><strong>Nad\u00e8ge DAVY<\/strong><\/span><\/p>\n<ul>\n<li>3\u00e8me DAN<\/li>\n<li>Dipl\u00f4me d\u2019Instructeur F\u00e9d\u00e9ral<\/li>\n<\/ul>\n<p>&nbsp;<\/p>\n<p>&nbsp;<\/p>\n<p>&nbsp;<\/p>\n<p>&nbsp;<\/p>\n<p>&nbsp;<\/p>\n<p>&nbsp;<\/p>\n<p>&nbsp;<\/p>\n<p>&nbsp;<\/p>\n<p>&nbsp;<\/p>\n<p>&nbsp;<\/p>\n<p>&nbsp;<\/p>\n<p style=\"text-align: center;\"><strong>Le Bureau :<br \/>\n<\/strong><\/p>\n<ul>\n<li><strong><span style=\"color: #282828;\"><span style=\"font-family: apple-system, BlinkMacSystemFont, Segoe UI, Roboto, Helvetica Neue, Arial, Noto Sans, sans-serif, Apple Color Emoji, Segoe UI Emoji, Segoe UI Symbol, Noto Color Emoji;\"><span style=\"font-size: medium;\">Annaick COUPPE DE K MARTIN<\/span><\/span><\/span><\/strong> : Pr\u00e9sidente<\/li>\n<li><strong><span style=\"color: #282828;\"><span style=\"font-family: apple-system, BlinkMacSystemFont, Segoe UI, Roboto, Helvetica Neue, Arial, Noto Sans, sans-serif, Apple Color Emoji, Segoe UI Emoji, Segoe UI Symbol, Noto Color Emoji;\"><span style=\"font-size: medium;\">Gu\u00e9nola BOULEAU<\/span><\/span><\/span><\/strong> : Secr\u00e9taire et Tr\u00e9sori\u00e8re<\/li>\n<\/ul>\n<p>&nbsp;<\/p>\n","protected":false},"excerpt":{"rendered":"<p>Les Professeurs et le Bureau &nbsp; Les Professeurs : Pierre-Monique ADJANONHOUN 6\u00e8me Dan FFKDA coach WKF <a class=\"continue-reading-link\" href=\"https:\/\/www.ecolenantaisedekarate.fr\/?page_id=12\">&#8230; <span class=\"meta-nav\">&rarr; <\/span><\/a><\/p>\n","protected":false},"author":2,"featured_media":0,"parent":0,"menu_order":1,"comment_status":"closed","ping_status":"closed","template":"","meta":{"footnotes":""},"class_list":["post-12","page","type-page","status-publish","hentry"],"_links":{"self":[{"href":"https:\/\/www.ecolenantaisedekarate.fr\/index.php?rest_route=\/wp\/v2\/pages\/12","targetHints":{"allow":["GET"]}}],"collection":[{"href":"https:\/\/www.ecolenantaisedekarate.fr\/index.php?rest_route=\/wp\/v2\/pages"}],"about":[{"href":"https:\/\/www.ecolenantaisedekarate.fr\/index.php?rest_route=\/wp\/v2\/types\/page"}],"author":[{"embeddable":true,"href":"https:\/\/www.ecolenantaisedekarate.fr\/index.php?rest_route=\/wp\/v2\/users\/2"}],"replies":[{"embeddable":true,"href":"https:\/\/www.ecolenantaisedekarate.fr\/index.php?rest_route=%2Fwp%2Fv2%2Fcomments&post=12"}],"version-history":[{"count":111,"href":"https:\/\/www.ecolenantaisedekarate.fr\/index.php?rest_route=\/wp\/v2\/pages\/12\/revisions"}],"predecessor-version":[{"id":2945,"href":"https:\/\/www.ecolenantaisedekarate.fr\/index.php?rest_route=\/wp\/v2\/pages\/12\/revisions\/2945"}],"wp:attachment":[{"href":"https:\/\/www.ecolenantaisedekarate.fr\/index.php?rest_route=%2Fwp%2Fv2%2Fmedia&parent=12"}],"curies":[{"name":"wp","href":"https:\/\/api.w.org\/{rel}","templated":true}]}}