{"id":333,"date":"2014-09-24T16:24:32","date_gmt":"2014-09-24T15:24:32","guid":{"rendered":"http:\/\/www.ecolenantaisedekarate.fr\/?page_id=333"},"modified":"2021-09-03T10:33:38","modified_gmt":"2021-09-03T09:33:38","slug":"le-club","status":"publish","type":"page","link":"https:\/\/www.ecolenantaisedekarate.fr\/?page_id=333","title":{"rendered":"<L'Ecole Nantaise de Karat\u00e9>"},"content":{"rendered":"<p><a href=\"http:\/\/www.ecolenantaisedekarate.fr\/wp\/wp-content\/uploads\/2014\/09\/logo-transparent.jpg\" data-rel=\"lightbox-image-0\" data-rl_title=\"\" data-rl_caption=\"\" title=\"\"><img loading=\"lazy\" decoding=\"async\" class=\"alignleft wp-image-76 size-medium\" src=\"http:\/\/www.ecolenantaisedekarate.fr\/wp\/wp-content\/uploads\/2014\/09\/logo-transparent.jpg\" alt=\"logo\" width=\"300\" height=\"300\" \/><\/a><\/p>\n<p>Grue Blanche et Tigre Noir symbolisent les deux\u00a0aspects compl\u00e9mentaires du Karat\u00e9-Do issus du <em>Naha T\u00e9<\/em> et du <em>Shuri T\u00e9<\/em>, pratiqu\u00e9s \u00e0 l\u2019origine sur l\u2019\u00eele d\u2019Okinawa.<\/p>\n<p>La richesse technique de ces deux\u00a0influences permet \u00e0 l\u2019Ecole Nantaise de Karat\u00e9 de proposer un enseignement du <em>Shotokan Ryu <\/em>le mieux adapt\u00e9 \u00e0 chacun.\u00a0En comp\u00e9tition ou simplement en loisir, vous pourrez pratiquer le karat\u00e9 qui correspond le mieux \u00e0 votre condition physique et \u00e0 vos aspirations.<\/p>\n<p>Le soleil rouge symbolisant le soleil levant du Japon nous rattache \u00e0 une tradition tr\u00e8s ancienne, dans le respect des valeurs et du code moral propres aux arts martiaux ; droiture, courage, bienveillance, respect, sinc\u00e9rit\u00e9, honneur et loyaut\u00e9.<\/p>\n<p>Le Kanji <em>Shin Gi Ta\u00ef <\/em>constitue la devise de notre \u00e9cole. V\u00e9ritable ligne de conduite, le <em>Shin Gi Ta\u00ef<\/em> est la marque de notre club. Il signifie Esprit, Technique et Corps en harmonie.<\/p>\n<p>Situ\u00e9e \u00e0 Nantes, l\u2019ENK se veut un acteur incontournable dans le paysage social et culturel de la ville. En proposant des conditions d\u2019acc\u00e8s privil\u00e9gies aux \u00e9tudiants, en proposant des actions en faveur des enfants et des scolaires, notre souhait est de promouvoir la pratique du karat\u00e9 pour tous, tout au long de la vie.<\/p>\n<p><strong>\u00a0Contacts :<\/strong><\/p>\n<ul style=\"color: #1d1d1b;\">\n<li><strong>Email<\/strong>\n<ul>\n<li><span style=\"color: #000000;\"><a href=\"mailto:ecolenantaisedekarate@gmail.com\">ecolenantaisedekarate@gmail.com<\/a><\/span><\/li>\n<\/ul>\n<\/li>\n<\/ul>\n<ul>\n<li><strong style=\"color: #1d1d1b;\">Facebook<\/strong>\n<ul style=\"color: #1d1d1b;\">\n<li><a href=\"https:\/\/www.facebook.com\/pages\/Ecole%20Nantaise%20de%20Karat%C3%A9\/2115504572060438\/\" target=\"_blank\" rel=\"noopener noreferrer\">Ecole Nantaise de Karat\u00e9<\/a><\/li>\n<li><span style=\"color: #1d1d1b;\"><a href=\"https:\/\/www.facebook.com\/groups\/269180226813645\/\" target=\"_blank\" rel=\"noopener noreferrer\">Forum de l&rsquo;Ecole Nantaise de Karat\u00e9 (groupe restreint, acc\u00e8s sur demande)<\/a><\/span><\/li>\n<\/ul>\n<\/li>\n<\/ul>\n<ul>\n<li style=\"color: #1d1d1b;\"><strong>Adresse Postale<\/strong><\/li>\n<\/ul>\n<p style=\"padding-left: 60px;\"><span style=\"color: #1d1d1b;\">13 rue Marcel Paul<br \/>\n44000 NANTES<br \/>\nT\u00e9l: <a href=\"tel: 06 72 72 57 16\">06.72.72.57.16<\/a><\/span><\/p>\n<ul style=\"color: #1d1d1b;\">\n<li><b>Contact administration site web<\/b>\n<ul>\n<li><a href=\"mailto:pklv249@ecolenantaisedekarate.fr\">webmaster@ecolenantaisedekarate.fr<\/a><\/li>\n<\/ul>\n<\/li>\n<\/ul>\n<p><a href=\"http:\/\/www.ecolenantaisedekarate.fr\/wp\/wp-content\/uploads\/2014\/09\/Reglement-interieur-ENK.pdf\">Consultez le r\u00e8glement int\u00e9rieur de l&rsquo;ENK<\/a><\/p>\n","protected":false},"excerpt":{"rendered":"<p>Grue Blanche et Tigre Noir symbolisent les deux\u00a0aspects compl\u00e9mentaires du Karat\u00e9-Do issus du Naha T\u00e9 et <a class=\"continue-reading-link\" href=\"https:\/\/www.ecolenantaisedekarate.fr\/?page_id=333\">&#8230; <span class=\"meta-nav\">&rarr; <\/span><\/a><\/p>\n","protected":false},"author":2,"featured_media":0,"parent":0,"menu_order":0,"comment_status":"closed","ping_status":"closed","template":"","meta":{"footnotes":""},"class_list":["post-333","page","type-page","status-publish","hentry"],"_links":{"self":[{"href":"https:\/\/www.ecolenantaisedekarate.fr\/index.php?rest_route=\/wp\/v2\/pages\/333","targetHints":{"allow":["GET"]}}],"collection":[{"href":"https:\/\/www.ecolenantaisedekarate.fr\/index.php?rest_route=\/wp\/v2\/pages"}],"about":[{"href":"https:\/\/www.ecolenantaisedekarate.fr\/index.php?rest_route=\/wp\/v2\/types\/page"}],"author":[{"embeddable":true,"href":"https:\/\/www.ecolenantaisedekarate.fr\/index.php?rest_route=\/wp\/v2\/users\/2"}],"replies":[{"embeddable":true,"href":"https:\/\/www.ecolenantaisedekarate.fr\/index.php?rest_route=%2Fwp%2Fv2%2Fcomments&post=333"}],"version-history":[{"count":38,"href":"https:\/\/www.ecolenantaisedekarate.fr\/index.php?rest_route=\/wp\/v2\/pages\/333\/revisions"}],"predecessor-version":[{"id":2829,"href":"https:\/\/www.ecolenantaisedekarate.fr\/index.php?rest_route=\/wp\/v2\/pages\/333\/revisions\/2829"}],"wp:attachment":[{"href":"https:\/\/www.ecolenantaisedekarate.fr\/index.php?rest_route=%2Fwp%2Fv2%2Fmedia&parent=333"}],"curies":[{"name":"wp","href":"https:\/\/api.w.org\/{rel}","templated":true}]}}